be n(-8). Let z(x) = -4 - 5591*x + 3 + w*x. Determine z(1).
9
Suppose -15 = -4*j - 7. Let u(p) = -7*p + 6*p - 7 + 2*p - p**j. Calculate u(0).
-7
Let p(k) be the third derivative of k**5/60 + 11*k**4/12 - 19*k**3/6 - 14*k**2 - k - 67. Determine p(1).
4
Let a(u) = u**2 - 9*u + 8. Let d(b) = -29*b**3 - b**2 + 2*b - 2. Let y be d(-2). Let g = -216 + y. Determine a(g).
-10
Let c(m) = -2*m**2 - 81*m + 24. Let o be c(0). Let s(l) = -2*l**2 + 48*l + 8. Calculate s(o).
8
Let n(l) = l**2 + 24*l + 26. Suppose 5*v + 103 = -4*k, -5*v - 118 = -2*k + k. Give n(v).
3
Let h = 35142 + -35129. Let a(c) = c**2 - 16*c + 16. What is a(h)?
-23
Let j(f) = 25960*f - 12980*f - 5 - 12979*f. Give j(6).
1
Suppose 7*w + 11*w = -1332. Let o = w + 81. Let n(z) = 3*z. Let d(c) = 5*c. Let s(k) = 4*d(k) - 7*n(k). What is s(o)?
-7
Let q(o) = 7*o - 1. Suppose -r = n + 4, 102*n + 10 = 100*n. Calculate q(r).
6
Let x(y) be the third derivative of 3*y**4/4 + 5*y**3/6 + 35*y**2 + 4*y + 2. Give x(3).
59
Let c be (-12)/((-60)/25)*1. Let d(z) = -2*z**2 + z - 10. Let k(t) = t**2 - t + 1. Let w(q) = d(q) + 4*k(q). Determine w(c).
29
Let z(a) be the third derivative of a**6/30 - a**5/60 - a**4/24 + a**3/2 + 3*a**2 - 4082. Give z(1).
5
Let m(a) be the first derivative of a**4/4 + a**3 + 3*a**2/2 - 3*a - 1256. Calculate m(-3).
-12
Let v(s) = 2*s**3 + 3*s**2 + 2*s + 2. Let w be -1 + 20/(-2 + 7). Suppose 5*k = w*y - 4, -2*y - 8 = -2*k + 4*k. Give v(k).
-6
Let g(x) = -22 - 5*x**2 + 129 + 4*x**3 - 86 + 5*x - 18. Determine g(3).
81
Let q(y) = -2*y**2 - 10*y - 10. Let j be (3/9)/((-20)/420). What is q(j)?
-38
Suppose 47*k - 849 + 325 = 228. Let u(h) = -h**3 + 17*h**2 - 17*h + 16. What is u(k)?
0
Let f be 23 - (26 - (-2 - -12)). Let s(q) = -q**2 + 9*q + 18. What is s(f)?
32
Let q be (198/(-21))/11 - 5/35. Let p(c) = -18*c - 16. Determine p(q).
2
Suppose 0*j - 12*j = -711 + 627. Let a(n) = -2*n**2 + 4*n + 4. Give a(j).
-66
Let u(w) = -w**2 - 8*w - 1. Let m(i) = -22*i + 2. Let z be m(-4). Let x be 65 + 24 - ((-38)/(-8) + (-1)/(-4)). Let j = x - z. Calculate u(j).
11
Let s(q) = q + 5. Suppose 134 - 44 = -15*m. Let d(w) = -w - 6. Let z(a) = m*s(a) - 7*d(a). What is z(-9)?
3
Let d be ((-3)/9)/((-2)/36). Let j be 4/(-5)*(-1820)/104. Let o be 114/18 + (1 - j/d). Let r(b) = 2*b + 1. Give r(o).
11
Let i(a) = 11*a + 5. Suppose -v + 5*p - 29 = -2*v, -4*v - 4*p = -36. Suppose -v*o = 2*y - 18, -4*y = 53*o - 57*o + 24. What is i(y)?
-6
Let q(l) = 4*l**2 + 8*l. Let r(s) = -7*s**2 - 15*s - 1. Let m(a) = 5*q(a) + 3*r(a). Let u(z) = -2581*z + 28387. Let b be u(11). Calculate m(b).
1
Let r be ((-3 - (0 + -3))/2)/(-13 + 11). Let w(t) = -t**2 - 62. Determine w(r).
-62
Let j(y) be the third derivative of -1/12*y**4 + 0*y + 5/3*y**3 - y**2 + 0. Let r(w) = -5*w**2 - 115*w - 642. Let t be r(-10). Determine j(t).
-6
Let i(l) = -33*l - 42. Let m(k) = 23*k + 43. Let q(o) = 2*i(o) + 3*m(o). What is q(-11)?
12
Let l(m) be the third derivative of m**5/60 - m**4/24 - m**2. Suppose 0 = -3*k + 4*v - 50, 0 = -3*k + 5*v - 1927 + 1863. What is l(k)?
2
Let a be 28/63*(-1530)/(-408) + 8/(-3). Let o(z) = -2*z**2 - 3*z + 5. Let i(y) = 5*y**2 + 7*y - 11. Let p(f) = -4*i(f) - 9*o(f). Give p(a).
-2
Let l(z) = -23*z**3 - 2*z**2 + z + 3. Let r(i) = -34*i**3 - 3*i**2 + 2*i + 5. Let t(p) = -3*l(p) + 2*r(p). Give t(-1).
-1
Let x(f) = 4*f**2 + f + 6. Let y be x(2). Suppose -2*h - y = -3*a, 4*a + 5*h - 2*h = 49. Let q(o) = o**2 - 10*o - 4. Give q(a).
-4
Let s(j) = j**3 - j**2 + 2. Let v be 1/((-30)/(-64)) - (-28)/(-210). Suppose 13*l = v*l - 22. What is s(l)?
-10
Let m(i) = i - 12. Let v(x) = -4*x + 36. Let n(j) = 7*m(j) + 2*v(j). Let b(d) = 4*d**3 - 160*d**2 - 164*d - 4. Let w be b(41). Give n(w).
-8
Let v(z) = -151 + 2*z**2 - 38 - 5*z + 3*z**2 + 38 - 4*z**2. Give v(-10).
-1
Let o(y) = 37*y + 472. Let q be o(-13). Let c(x) = -2*x**2 - 14*x + 20. Calculate c(q).
-16
Let s(z) = -z - 13. Let f be s(-6). Let w(a) be the first derivative of a**4/4 + 7*a**3/3 + 2*a**2 + 23*a - 4679. Give w(f).
-5
Suppose 0 = 12*y - 17*y. Suppose y = -t - 53 + 50. Let i(w) = -w**3 - 3*w**2 - 1. Give i(t).
-1
Let z = -18554 + 18553. Let q(b) = 22*b + 36. Determine q(z).
14
Let b(p) be the third derivative of -p**5/60 - p**4/24 + p**3/6 - 2*p**2. Let z(q) = -q**2 + 14*q + 15. Let x = -266 + 265. Let r be z(x). Calculate b(r).
1
Let t(d) = d**3 + 6*d**2 + 2*d + 6. Let g(u) = u**3 + u - 246. Let z be g(0). Let b = z - -242. Give t(b).
30
Suppose 2*c - 26 = 5*b - 84, -3*b + 4*c = -46. Let r = b + -18. Let h(y) be the second derivative of -y**4/12 - 3*y**3/2 - 7*y**2/2 + 2*y + 623. Determine h(r).
1
Let t = -1851 - -1858. Let w(r) = r**3 - 7*r**2 + 4*r - 32. Let c be w(t). Let m(k) = -2*k**3 - 2*k + 5 - 2*k**2 - 2*k**2 + k**3. Calculate m(c).
13
Let h = 3166 + -3162. Let q(l) be the third derivative of -1/4*l**h + 0 - 1/60*l**5 + 22*l**2 + 0*l - 1/6*l**3. Give q(-4).
7
Let u(w) be the second derivative of -w**6/720 - w**5/120 - 11*w**4/12 - w + 1. Let t(c) be the third derivative of u(c). Determine t(-1).
0
Suppose -2*j - 5*g - 19 = 0, -2*j + 5*j = -4*g - 11. Let p(u) = u**2 + 8*u + 4*u**2 - 1032 - u**j + 1033. Determine p(7).
-41
Suppose -196*l - 368 - 612 = 0. Let f(s) = s**2 - 17*s - 11. Let n(a) = -a**2 + 11*a + 7. Let b(g) = -5*f(g) - 7*n(g). Calculate b(l).
16
Suppose -4*k + 2*v = -3 + 1, 0 = 2*k + 4*v - 16. Suppose 17 = k*o + 1. Let i(x) = -11 - 12*x + 28*x + 8*x**2 - 14*x - x**3. Calculate i(o).
5
Let n(v) = v**2 + 5*v + 1. Let t be n(-5). Let g(j) = -4 + 2 + 3 - 2. Let h(x) = 10*x**3 + x**2 + 2. Let c(y) = -2*g(y) - h(y). Determine c(t).
-11
Let n(p) = 5*p - 9. Let j be -3 - (-21)/(378/90). What is n(j)?
1
Let v(f) = -8*f - 38. Let c = -4506 - -4481. Determine v(c).
162
Let q(z) = -174*z**2 - 9*z - 8. Let i(a) = -35*a**2 - 1. Let b(r) = -5*i(r) + q(r). What is b(11)?
19
Let w = -152 - -155. Let r(c) = 14*c - 19*c**w - 5*c + 18*c**3 + 7*c**2. Determine r(8).
8
Let f be (1/(-3))/((-4)/48). Let z(y) = -42680*y - 42688*y + 10 + 85363*y. What is z(f)?
-10
Let s be 46/(-14) + 6/21. Let d(n) = -13 - 543*n + 542*n + 16 - 12*n**2 + 18*n**2 - 3*n**2 + n**3. Calculate d(s).
6
Let a(c) = -724*c - 339. Let l(k) = 1574*k + 679. Let b(u) = -13*a(u) - 6*l(u). What is b(10)?
13
Suppose -5*o + 2*d = -4452 + 1784, 3*o - 3*d - 1608 = 0. Let u(b) = -3*b - o + 533 + 4*b. Calculate u(-3).
-2
Let f(v) = -30*v + 341. Let g(w) = -2*w + 54. Let s(l) = -f(l) + 6*g(l). Give s(3).
37
Suppose 40*q - 435 = 127*q. Let f(y) = -y**2 + 14*y - 18. Let d be f(12). Let m be ((-2)/q)/((d/15)/2). Let b(t) = -3*t**2 + 3*t - 1. Calculate b(m).
-7
Let p(i) = 9*i**2 + 2*i + 3. Suppose -149*n = -142*n - 189. Suppose 0 = -27*b - 81 + n. What is p(b)?
35
Let m(t) = 2*t**2 - 15*t - 37. Let l be (-30)/4*(-9 + (-429)/(-55)). What is m(l)?
-10
Let t(d) = -d**3 - 7*d**2 - 8*d - 7. Suppose -70 = -5*w - 3*j, 3*j - 15 = -2*w + 4. Let f(k) = 11*k - 193. Let o be f(w). What is t(o)?
5
Let n(h) = -14*h - 54. Let p be n(-4). Let i(r) = 4*r + 17 - 5*r**p - 4*r**3 + 10*r - 7*r**2 + 3*r**3. What is i(-13)?
4
Let s(b) = b - 2. Suppose 0 = 3*r - 162 + 156. Suppose r = -23*k - 90. Calculate s(k).
-6
Let o(d) = 2*d - 4*d - 72*d**2 + 64*d**2 + d**3 - 2*d + 18 - 9*d. Give o(9).
-18
Let z(x) = 107*x - 55*x - 29*x - 5 - 24*x. Calculate z(18).
-23
Let c be 2/3*(12*-1)/(-2). Suppose -17 + 29 = -c*b. Let a(z) be the first derivative of -z**4/4 - 5*z**3/3 - 5*z**2/2 - 3*z - 2. Determine a(b).
-6
Let u(l) = -51*l - 5824. Let y be u(-114). Let a(v) = 25*v + 275. Give a(y).
25
Let a(w) be the third derivative of -w**6/60 - w**5/12 - w**4/12 - w**3/6 + 12145*w**2. Calculate a(-3).
14
Let l(f) be the first derivative of -f**3/3 + 4*f**2 - 6*f - 1921. Let h = 26 - 22. Give l(h).
10
Let x(a) = a**2 + 7*a + 18. Let y be -10 + (-370)/(-40) - (-63)/(-12). Give x(y).
12
Let y(p) = -6*p**2 - 79*p + 3. Let b(x) = -13*x**2 - 174*x + 6. Let r(f) = -10*b(f) + 22*y(f). Calculate r(-5).
-54
Let m(b) = b**2 - 4*b - 52. Let v be m(10). Let j(k) = 5*k - 7. Let o be j(2). Let d(a) = -11*a + 8 + 7*a**2 + 24*a - a**o - 5*a. Determine d(v).
8
Let g(m) = 6*m**2 + 54*m + 3. Let x be g(-9). Let b(n) = -83 - x*n + 75 + 2*n. Suppose -3*t + 21 = -5*l, -t = 3*l + 7 + 14. Determine b(l).
-2
Let c = -38285/3 - -12766. Let t(l) be the first derivative of 42 - l + 1/2*l**2